{"id":1755,"date":"2024-09-09T19:50:34","date_gmt":"2024-09-09T19:50:34","guid":{"rendered":"https:\/\/matrimoniosdeinfluencia.com\/?page_id=1755"},"modified":"2025-10-22T13:46:58","modified_gmt":"2025-10-22T13:46:58","slug":"congreso","status":"publish","type":"page","link":"https:\/\/matrimoniosdeinfluencia.com\/?page_id=1755","title":{"rendered":"CONGRESO"},"content":{"rendered":"\n<p><strong>LOS ESPERAMOS EN OCTUBRE 2026 | Congreso de Matrimonios de Influencia<\/strong><br><strong><br><\/strong>En octubre 2026, tendremos nuestro tan deseado Congreso de Matrimonios. Con invitados tan especiales que, sin duda, marcar\u00e1 un antes y un despu\u00e9s en nuestro matrimonio y familia.<\/p>\n\n\n\n<p style=\"font-size:18px\"><mark style=\"background-color:rgba(0, 0, 0, 0)\" class=\"has-inline-color has-luminous-vivid-amber-color\">MUY PRONTO M\u00c1S INFORMACI\u00d3N<\/mark><\/p>\n\n\n\n<p>Los esperamos! <br>Para m\u00e1s informaci\u00f3n podes escribirnos a&nbsp;<strong>info@matrimoniosdeinfluencia.com<\/strong>. Adem\u00e1s podes encontrarnos en las redes sociales, Instagram, Facebook y Youtube<\/p>\n\n\n\n<p><\/p>\n","protected":false},"excerpt":{"rendered":"<p>LOS ESPERAMOS EN OCTUBRE 2026 | Congreso de Matrimonios de InfluenciaEn octubre 2026, tendremos nuestro tan deseado Congreso de Matrimonios. Con invitados tan especiales que, sin duda, marcar\u00e1 un antes y un despu\u00e9s en nuestro matrimonio y familia. MUY PRONTO M\u00c1S INFORMACI\u00d3N Los esperamos! Para m\u00e1s informaci\u00f3n podes escribirnos a&nbsp;info@matrimoniosdeinfluencia.com. Adem\u00e1s podes encontrarnos en las &hellip; <\/p>\n<p class=\"link-more\"><a href=\"https:\/\/matrimoniosdeinfluencia.com\/?page_id=1755\" class=\"more-link\">Continuar leyendo<span class=\"screen-reader-text\"> \u00abCONGRESO\u00bb<\/span><\/a><\/p>\n","protected":false},"author":1,"featured_media":1785,"parent":0,"menu_order":0,"comment_status":"closed","ping_status":"closed","template":"","meta":{"footnotes":""},"class_list":["post-1755","page","type-page","status-publish","has-post-thumbnail","hentry"],"_links":{"self":[{"href":"https:\/\/matrimoniosdeinfluencia.com\/index.php?rest_route=\/wp\/v2\/pages\/1755","targetHints":{"allow":["GET"]}}],"collection":[{"href":"https:\/\/matrimoniosdeinfluencia.com\/index.php?rest_route=\/wp\/v2\/pages"}],"about":[{"href":"https:\/\/matrimoniosdeinfluencia.com\/index.php?rest_route=\/wp\/v2\/types\/page"}],"author":[{"embeddable":true,"href":"https:\/\/matrimoniosdeinfluencia.com\/index.php?rest_route=\/wp\/v2\/users\/1"}],"replies":[{"embeddable":true,"href":"https:\/\/matrimoniosdeinfluencia.com\/index.php?rest_route=%2Fwp%2Fv2%2Fcomments&post=1755"}],"version-history":[{"count":8,"href":"https:\/\/matrimoniosdeinfluencia.com\/index.php?rest_route=\/wp\/v2\/pages\/1755\/revisions"}],"predecessor-version":[{"id":1787,"href":"https:\/\/matrimoniosdeinfluencia.com\/index.php?rest_route=\/wp\/v2\/pages\/1755\/revisions\/1787"}],"wp:featuredmedia":[{"embeddable":true,"href":"https:\/\/matrimoniosdeinfluencia.com\/index.php?rest_route=\/wp\/v2\/media\/1785"}],"wp:attachment":[{"href":"https:\/\/matrimoniosdeinfluencia.com\/index.php?rest_route=%2Fwp%2Fv2%2Fmedia&parent=1755"}],"curies":[{"name":"wp","href":"https:\/\/api.w.org\/{rel}","templated":true}]}}